- 2. What is h(q)?
8
Let h = 26 - 25. Suppose m = w - 2*w + h, m = 4*w - 4. Let b be ((2 - w) + 0)/(-1). Let i(q) = -3*q**3 - q - 1. Determine i(b).
3
Let n(k) be the second derivative of -k**3/6 + 9*k**2/2 + 2*k. Suppose 3 = 7*x - 2*x - c, 2*x - 3*c = 9. Determine n(x).
9
Let t(j) = -6*j. Let c(f) = -13*f + 1. Let b(w) = -4*c(w) + 9*t(w). Let a be 46/11 - (-8)/(-44). Suppose -3*i + a*i - 2*y = -3, i + 2*y - 9 = 0. Determine b(i).
-10
Let k(z) be the first derivative of z**3/3 - 7*z**2/2 + 13*z - 5. Let x be k(4). Let o(a) = -5*a**2 - 1. Give o(x).
-6
Let w(j) = 3*j + 32. Let c be 39*(110/(-15) - -7). Give w(c).
-7
Let j(r) = 8*r - 79847 + 7*r**2 + 79853 - 6*r**2. Suppose f - k - 4 = 0, -5*k + 1 - 17 = -f. Let z = -7 + f. Give j(z).
-6
Suppose -2*c + 10 = 0, 4*p + c + 3*c = 72. Let d(z) = -z**3 + 12*z**2 + 12*z + 16. Determine d(p).
3
Let o(q) = -2*q**2 + 6*q + 22. Let v be o(5). Let t(l) = 0*l**3 + 2*l - v*l**3 - 3*l + 3*l**3. What is t(2)?
6
Suppose -4*w + 23 = -20*z + 17*z, -4*w + 28 = -4*z. Let b(g) = -g**3 - 4*g**2 + 5*g + 3. Determine b(z).
3
Suppose 5*y - 47 = -22. Suppose 2*m - 4*a = 0, 2*m - m - y*a = 0. Let p(j) = j**2 + 4. What is p(m)?
4
Let w(s) be the second derivative of 25*s - 1/20*s**5 - 7/12*s**4 + 0 - 1/2*s**3 + 2*s**2. Give w(-6).
-14
Let i(x) = 2*x - 4. Suppose 5 + 3 = -h + o, -5*o = -2*h - 22. Suppose 4*u + 12 + 4 = -2*v, 2*v + 4 = -u. Let g be 0 - (v - -1) - h. Calculate i(g).
6
Let x(v) = -4*v + 14. Let s(t) be the third derivative of -7*t**4/24 + 14*t**3/3 - 9*t**2. Let y be 9/(-15)*(1 - 6). Let g(r) = y*s(r) - 5*x(r). Determine g(0).
14
Let k(m) = m**3 + 6*m**2 - 4*m - 8. Let n(v) = -2*v**3 - 5*v**2 + 3*v + 4. Let b(p) = 3*k(p) + 2*n(p). What is b(7)?
-9
Let k(d) = d**2 + 4*d. Suppose 2*v + 0*v = -10. Give k(v).
5
Let t be (168/(-196))/((-2)/7). Let g(q) be the third derivative of 0*q - 6*q**2 - 1/60*q**5 + 0 - 5/6*q**t + 1/6*q**4. Calculate g(4).
-5
Let o be (3 - 3)/(-4) + 7. Let l(z) = z**3 - 6*z**2 - 6*z + 10. What is l(o)?
17
Let w(y) = -2*y**2 + 5*y + 1. Let z(c) = -2*c**2 + 4*c + 1. Let t(a) = -2*w(a) + 3*z(a). Suppose 116*b - 29*b + 176*b - 789 = 0. Calculate t(b).
-11
Let f(l) = -l**3 + 1. Let i(y) = y**3 + 9*y**2 - 6*y + 2. Let b(p) = -2*f(p) - i(p). Calculate b(8).
-20
Let f(l) be the second derivative of l**5/20 + 7*l**4/12 + l**3/6 + 3*l**2 + l. Let z be (-14)/3*(-5)/(310/(-93)). What is f(z)?
-1
Let u(l) = l - 3. Let q(c) be the third derivative of -c**6/120 - c**5/10 + 5*c**4/24 + 5*c**3/6 + 10*c**2. Let v be q(-7). Let z = -15 + v. Determine u(z).
1
Suppose 16 = -2*g - 0*q - 4*q, -4*g = -q - 13. Let n(i) = 6 + 8*i**g - 3*i**2 + 4*i + i + i**3 - 2*i. Determine n(-4).
10
Let u(g) = -g**2 + 5*g + 8. Let p be u(6). Let o(i) be the second derivative of -4*i - 3/2*i**2 + 2/3*i**3 - 1/12*i**4 + 0. What is o(p)?
1
Let u(c) = 2*c + 19. Let o be u(-6). Let x(d) = -o*d + 4*d - d + 5*d. Determine x(-7).
-7
Let l(c) = -c**2 + 38*c - 135. Let m be l(34). Let o(f) = -7*f + 5. Determine o(m).
-2
Let s(g) = -1 + 7 - g + 0*g - 7. Determine s(-9).
8
Let y(m) be the second derivative of -m**4/12 + m**3/3 + 21*m**2/2 - 657*m. Determine y(7).
-14
Let t(k) be the first derivative of -13*k**2/2 - k + 46. Calculate t(2).
-27
Suppose v = -13 - 13. Let n = -27 - v. Let f be (1 - (n + 3))*5. Let m(x) = x**3 + 4*x**2 - 6*x - 7. What is m(f)?
-2
Let w be ((-348)/(-54) - 6) + 268/(-36). Let i(a) = -a**3 + 3 + 10*a - 2*a + 2 - 6*a**2. Give i(w).
-2
Let h(m) be the third derivative of -m**5/60 + 5*m**4/24 - m**3/6 - 1209*m**2. Let v = 18 - 13. Determine h(v).
-1
Let j(n) be the third derivative of 5*n**4/12 + n**3/6 - 2*n**2. Suppose 1 = c - 4. Suppose -3*a = a + 16, -c*a - 16 = -4*f. Determine j(f).
-9
Suppose a - 2*a + 5 = 2*n, -4*n = -2*a - 14. Let h be n/(3/(-4)) - 1. Let l(v) be the first derivative of -v**2/2 - 2*v + 967. What is l(h)?
3
Let q(r) be the first derivative of -5*r**3/3 - r - 50. Calculate q(1).
-6
Let j(n) be the third derivative of -n**7/5040 + n**6/720 - n**5/30 - 2*n**2. Let s(o) be the third derivative of j(o). Suppose -2 = -55*h + 54*h. Give s(h).
-1
Let z = -25 - -25. Suppose l + 3*l = z. Let o(g) = -g**2 - 22. Give o(l).
-22
Let a(l) = l**3 - 10*l**2 + 7*l + 13. Let m be a(9). Suppose 2*x - 3*f = 0, 4*x - 6 = 3*f - 0*f. Let u(d) = -d**2 - 6*d - x*d + 3*d. Calculate u(m).
5
Let s(b) = b**3 - 4*b**2 - 4*b - 5. Let v = 982 + -979. Determine s(v).
-26
Let m(a) = 0 + a**3 + a - 4*a**2 + 3*a**2 + 2 + 0*a**3. Suppose 0 = -3*n + 7*n + 12. Let y be ((-3)/6)/(n/12). Give m(y).
8
Suppose -k - 9 = -5*r - 0*r, k = 1. Let s be ((-1)/r)/(3 - (-41)/(-14)). Let c(m) = -m**2 - 7*m + 4. Determine c(s).
4
Let d = -355 - -346. Let v(n) = n + 3. Give v(d).
-6
Let w = -257 + 255. Let i(l) = -3 - 2 - 2 + 5 + l. Determine i(w).
-4
Let n(c) = -3*c - 14. Let v = 836 - 841. Determine n(v).
1
Let g(x) = -x**2 - 3*x + 3. Let h be g(-3). Suppose 0 = -i - 5 + h, 4*t - 5*i = 14. Let j(v) = 2*v**3 - 2*v + 0 + v**3 + 1. Determine j(t).
2
Let l = 19 - 12. Let c(s) = s - 14. Let t(z) = 4*z - 42. Let v(p) = l*c(p) - 2*t(p). What is v(-8)?
-6
Let o = 25 + -10. Suppose -20*a - 45 = -o*a. Let n(j) = j**2 + 10*j + 6. Give n(a).
-3
Suppose -f - 22 = -4*o, -3*f - 57 = 4*o - 7. Let u(n) = n**2 + 19*n + 24. Give u(f).
6
Let o(u) = -2*u**3 - 55*u**2 + 25*u - 74. Let g be o(-28). Let x(j) = j**2 - 10*j + 6. Determine x(g).
6
Suppose -2 = 3*v + 4. Let f be 2/10 + 171/45. Let w(u) = 2*u**2 - u + 3*u**2 - 4 + 5 - f*u**2. Determine w(v).
7
Let n be (-8)/(-10)*-5*1/(-2). Let m(u) = 5*u. What is m(n)?
10
Suppose r = -5*t + 13, 3*t + 57 = r + 2*r. Let a(p) = -r + 4*p - 2*p + 32 - 21. Let d = -17 + 24. Calculate a(d).
7
Let n(s) = -8*s**2 - 23*s - 24. Let z(o) = -3*o**2 - 11*o - 12. Let t(j) = -2*n(j) + 5*z(j). Calculate t(11).
10
Suppose t = 5*t - 24. Suppose 2*l - 6 = z - 4*z, 2*l = 2*z + 16. Let h(q) = l*q**2 - q**3 + q**3 - q**3 - q. What is h(t)?
-6
Let w(h) = 3*h + 35. Let d(f) = -2*f + 3*f + 14 + 4. Let v(r) = -5*d(r) + 2*w(r). Determine v(0).
-20
Let w(x) = x**3 + 9*x**2 - 11*x - 3. Suppose -3*t = t + 2*t. Let z be (-5 + (4 - t))*10. Calculate w(z).
7
Let y(k) = -5*k**2 - 2*k + 9. Let r(i) = -9*i**2 - 3*i + 16. Let p(q) = 4*r(q) - 7*y(q). Determine p(3).
-2
Let k(w) = w. Let n be ((-110)/(-33))/(1/(-3)). Calculate k(n).
-10
Let g(i) = i**3 + i**2 - 12. Let u = -130 - -130. Determine g(u).
-12
Let b(h) = 9*h - 7. Let j(n) = -n**2 - n - 2. Let c(v) = -b(v) + j(v). Let o be (60/36)/((-1)/6). Calculate c(o).
5
Let h be (8/(-12))/(4/(-18)). Let j(g) = 5*g - 3. Let v(a) = -a + 1. Let t(k) = -j(k) - 4*v(k). Determine t(h).
-4
Let w(s) be the second derivative of -s**3/6 - 3*s**2/2 - 105*s. What is w(-5)?
2
Let b = -2 + 5. Let x(u) = -5*u + 1. Let y(k) = -2*k + 1. Let f(s) = -x(s) + 2*y(s). Calculate f(b).
4
Let o(s) be the third derivative of s**6/120 - 7*s**5/60 - s**4/24 + s**3/2 - 2*s**2 + 36. What is o(6)?
-39
Let g = 0 - 0. Let t(v) = 4334*v - 8665*v + 11 + 4332*v. Give t(g).
11
Suppose 5*y - 13 = 7. Let r(n) = -19*n - 3. Let j(d) = -7*d - 1. Let u(i) = y*r(i) - 11*j(i). What is u(7)?
6
Let m(z) = -z**3 + 4*z**2 + 1. Let o(i) = -i**3 - 6*i**2 - 1. Let r(d) = -4*m(d) - 3*o(d). Calculate r(1).
8
Let h(s) = 4*s - 5. Let u(w) = 2*w - 3. Let b(z) = -6*h(z) + 13*u(z). Let r be b(6). Let p(k) = -2*k**3 - 1 + 3*k + k**r + k**2 + 0*k**2. Calculate p(2).
1
Let n(s) = -s**2 - 5*s - 5. Let c(w) = -w + 15. Let k be c(11). Let u be (-17 - -21)/(k/(-6)). Give n(u).
-11
Let f(l) = -6*l - 2. Suppose -3*r - 2*j = 7, 2*r - 7 + 25 = -4*j. Suppose -9 = -5*i + r. Suppose 0*z - i*z + 11 = -3*c, -z = 4*c + 11. Give f(c).
16
Let t be (5 - -1)/(-3) + 1. Let u(f) = -f + 2. Let l be u(t). Let x(s) = s**3 - 2*s**2 - 3*s - 1. Calculate x(l).
-1
Let j(h) = h + 7. Let g be j(-7). Suppose 0*z + z = g. Suppose 2*u = a - 5*a + 10, -a = z. Let m(x) = x**2 - 6*x + 1. What is m(u)?
-4
Let a(q) = -2 - 6*q**2 - 2*q**3 - 13*q**3 - 3*q + 14*q**3. Determine a(-6).
16
Let p be ((-16)/(-24))/((-2)/(-69)). Suppose j - 2*s - 9 = 0, s = -4*j + p + 22. Let c(m) = -1 - 5*m**3 - j*m**3 + 2. Calculate c(1).
-15
Let m(q) be the second derivative of -q**6/120 + q**5/60 - q**4/24 + 5*q**3/6 - 8*q**2 - q. Let i(g) be the first derivative of m(g). Give i(0).
5
Let x(q) be the second derivative of 40*q + 1/3*q